 42 - 36. Let b be h(p). What is the greatest common divisor of b and 8?
8
Let g be 1/((-166)/(-42) - 4). Let u be 258/4 - g/14. Suppose -n + 2 + 4 = 0. Calculate the greatest common divisor of n and u.
6
Suppose -5*o + 505 = -5*a, 5*o - 11*a - 513 = -14*a. Calculate the greatest common divisor of 24 and o.
6
Let i(f) = 2*f**3 - 24*f**2 - f + 19. Let a be i(12). Let y(v) = v**3 - 5*v**2 - 8. Let s be y(a). Calculate the greatest common factor of 585 and s.
45
Suppose 1710 = -q + 5382. Suppose -l = 50*l - q. What is the greatest common factor of 40 and l?
8
Let a be 4890/36 - (22 + -2)/(-120). Calculate the highest common factor of a and 31144.
136
Let p(b) = -b**2 + 167*b + 2949. Let y be p(-16). Let m(r) = 64*r**3 - 1. Let d be m(1). Calculate the greatest common factor of y and d.
21
Suppose 18*j - 4309 = -3841. What is the greatest common divisor of 14482 and j?
26
Let w = -81 - -75. Let b be 936/65 - w/10. Suppose 4*z - 3 = 57. Calculate the greatest common factor of b and z.
15
Let m = -4076 - -4259. What is the highest common divisor of m and 61?
61
Suppose -29*z + 65*z + 19*z = 3135. What is the highest common divisor of 1387 and z?
19
Let x = 448 - 400. Let y = x + 48. Calculate the greatest common divisor of y and 36.
12
Let m(v) = v**3 + 9*v**2 + 2*v - 6. Let u be m(-3). Suppose -36 = -46*n + u*n. Calculate the greatest common factor of n and 81.
9
Suppose 9954 - 2329 = 5*x. Calculate the greatest common divisor of 366 and x.
61
Let b(d) be the first derivative of -57*d**2/2 - 65*d + 53. Let r be b(-9). What is the greatest common factor of 28 and r?
28
Suppose -711*j = -3*g - 706*j + 437, -5*g + 735 = -5*j. Calculate the highest common divisor of g and 49766.
149
Let o(p) = -2*p + 21. Let c(r) = 2*r - 21. Let z(j) = 5*c(j) + 4*o(j). Let a be z(17). What is the highest common divisor of a and 208?
13
Suppose -2*q + 3*j + 237 = -181, -4*q + 856 = 4*j. Calculate the greatest common factor of 10 and q.
2
Let h = -14335 - -14363. Calculate the highest common factor of h and 63.
7
Suppose -3*h - 1939 = -a, h + 3*a + 1923 = -2*h. Let p be h/(-12) + 3/12. Let b = -84 - -102. What is the highest common factor of b and p?
18
Let w(y) = -32*y**2 - 627*y + 50. Let i be w(-18). Calculate the highest common factor of 128 and i.
8
Let s(z) = 51*z**2 - 37*z + 451. Let r be s(10). What is the highest common divisor of 99 and r?
33
Let t(x) = 3*x**3 - 4*x**2 - 18*x + 315. Let f be t(17). Calculate the highest common factor of f and 8.
8
Suppose 4*k + 3*k - 77 = 0. Let l be (-3*1)/((-11)/k). Suppose -l*z + 46 = 13. What is the highest common factor of z and 198?
11
Let t = 5012 - 4869. What is the highest common divisor of 221 and t?
13
Let o = 116052 - 115977. Let t = -6 - -31. Calculate the highest common factor of t and o.
25
Let w(j) = -j**2 - 34*j - 88. Let p be w(-32). Let h be p/(-9)*((-135)/(-12) + -3). Let s = -297 + 429. Calculate the greatest common factor of s and h.
22
Let t(z) = z**3 - 18*z**2 + 19*z - 30. Let l be t(17). Suppose 0*i - l*i = -16, 4*f = 2*i + 24. What is the greatest common divisor of 88 and f?
8
Let r = -109 - -109. Suppose 194*g - 198*g + 352 = r. Calculate the greatest common factor of g and 16.
8
Suppose -6*y + 115584 = -t, 0 = -6*t + 4*t. What is the highest common divisor of 56 and y?
56
Suppose -1724 = -l + 5*s + 433, -4*l = 4*s - 8556. Calculate the greatest common divisor of l and 9.
9
Let f be (-964)/(-6) - (-2)/(-3). Suppose 0 = 4*t + 27 - 539. What is the highest common divisor of t and f?
32
Let o = 757 - 693. What is the highest common factor of 24 and o?
8
Let x be ((-9)/(-1))/(-3) - -3. Suppose 5*b - 83 + 8 = x. Let z be (-33 + 38)/((-1)/(-3)). Calculate the greatest common factor of b and z.
15
Let q(u) = -2*u**2 - 24*u - 12. Let g be q(-10). Calculate the highest common divisor of 189 and g.
7
Let x be 6/(-15) - 1034/(-10). Let n = 7037 + -7139. Let j = n + x. Calculate the greatest common divisor of j and 3.
1
Let x(k) = 3*k + 174. Let m(j) = -3*j + 2. Let g(v) = -5*m(v) + x(v). Let z be g(-3). What is the greatest common factor of z and 198?
22
Let p be 28424/68 + 30/3. Calculate the greatest common divisor of 28 and p.
4
Let m(o) = 3*o**2 + 4*o - 4. Let s be m(3). Suppose -2*q - 885 = -5*c, q = -3*c - 325 - 101. Let g = -330 - q. Calculate the greatest common factor of g and s.
35
Suppose 0 = g - 2*u - 105, 0 = -g - 0*g + 3*u + 102. Suppose 77*j = 198*j - 363. Calculate the greatest common divisor of j and g.
3
Suppose 553*j - 1878 = 551*j - 3*a, j = -a + 936. Calculate the highest common divisor of 60 and j.
30
Suppose -60 = -5*g + 2*g. Suppose 2*x + 0*b - 16 = -2*b, -3*b = -x + 20. Let i be (x - 7)*(-5)/(-4). Calculate the greatest common divisor of g and i.
5
Let h = 1647 - 1073. Let o = -444 + h. Calculate the greatest common divisor of o and 52.
26
Let g(r) = 7*r**2 - 2*r - 2. Let l be g(2). Let j(z) = z**2 - 8*z - 506. Let h be j(33). What is the greatest common divisor of l and h?
11
Let u(d) = -d**2 + 13*d + 1186. Let n be u(41). What is the highest common factor of 5339 and n?
19
Let d = -3502 - -3790. Calculate the greatest common divisor of 816 and d.
48
Let m be 2/3*(-180)/(-40). Suppose -m*i - 2508 = -15*i. Calculate the highest common factor of 38 and i.
19
Suppose 2*v + v - 168 = 0. Let j be ((-1276)/(-198) + -6)/(20/8190). Calculate the highest common divisor of j and v.
14
Suppose 0 = 6*x - x - 15. Suppose 4*c - 30 = -2*b - 6, -46 = -x*b - c. Let u be (115 - 114) + 113 + -2. What is the highest common divisor of u and b?
16
Let k(p) = -5*p - 5. Let y be k(5). Suppose 0 = -w + 4*m - 22, 0*w + 5*m = -2*w - 5. Let l be (4/w)/(6/y). What is the highest common divisor of 6 and l?
2
Let o = 87 - 82. Suppose -2*h = -4*h - o*v + 394, v = -h + 203. Calculate the greatest common divisor of h and 27.
9
Let l(o) = 5*o**2 + 179*o + 138. Let t be l(-37). What is the greatest common factor of t and 2232?
72
Suppose w + 2 - 16 = 0. Let s(d) = 2*d - 18 + 24*d - w*d - d**2. Let v be s(4). Calculate the greatest common divisor of 14 and v.
14
Let f be 209 - 0 - -10*7/14. Suppose f = 23*p - 85. Calculate the highest common divisor of 247 and p.
13
Let q(o) be the first derivative of 5*o**2/2 + 9*o - 9. Let j be q(0). Calculate the highest common factor of j and 603.
9
Let l(w) = 8*w - 19. Let s be l(10). Let b(r) = 24*r - 11. Let g be b(3). What is the highest common factor of g and s?
61
Let g(f) = -48*f - 185. Let s be (114/(-95))/(9/30). Let t be g(s). What is the highest common divisor of t and 21?
7
Suppose -2*m = 2*p + 14, -20*p + 23*p = 15. Let l be (64/m)/4 - (-1445)/15. Calculate the greatest common divisor of l and 76.
19
Let r be (102 - 20) + (-15)/3. What is the highest common factor of 1529 and r?
11
Let z be ((-2425)/50 + 31)*2/(-1). What is the greatest common divisor of 756 and z?
7
Let o = 24 - 20. Let x be o/(-26) - 3715/(-65). Calculate the highest common divisor of 133 and x.
19
Let r be -35*(-1)/(20/16). Let v(n) be the first derivative of -17*n**2/2 + 2*n - 36. Let x be v(-4). Calculate the highest common divisor of r and x.
14
Suppose 11*p + 14122 = 91166. What is the greatest common factor of p and 272?
68
Let b = -114 + 118. Let q be (-1224)/(-64) - b/32. Calculate the highest common divisor of 19 and q.
19
Let b = 6731 + -4715. Suppose 0 = -163*m + 170*m - b. Let r be ((-64)/6)/(1/(-3)). Calculate the highest common factor of r and m.
32
Let z(w) = 2*w**2 - 8*w - 9. Let b be z(-5). Let o = 8917 - 8872. What is the highest common divisor of b and o?
9
Suppose -3*c + 150 + 108 = 0. Let p = c + -83. What is the highest common divisor of p and 39?
3
Let v be (-2194)/(-10) + 30/50. Suppose -4*f - v = 360. Let y = f - -264. What is the greatest common divisor of y and 17?
17
Let i(q) = -q**3 + 13*q**2 - 24*q + 86. Let x be i(11). Suppose -x*p = -52*p - 5304. Calculate the highest common factor of 34 and p.
34
Let r be 1/((-60)/5184)*-5. What is the greatest common divisor of r and 624?
48
Let x(h) = h**2 - 2*h + 18. Let i be x(6). Let u = i - 18. Let t = -6 + 14. Calculate the highest common factor of u and t.
8
Let t = -1409 - -822. Let x = t - -605. Calculate the greatest common factor of x and 150.
6
Suppose k - 24 = -3*w, 100 = 10*k - 9*w + 11*w. What is the greatest common d